{"id":77,"date":"2022-11-14T17:27:07","date_gmt":"2022-11-14T16:27:07","guid":{"rendered":"https:\/\/landingpages.mwv-berlin.de\/ehealth-monitor-2022\/?page_id=77"},"modified":"2022-11-23T16:42:30","modified_gmt":"2022-11-23T15:42:30","slug":"impressum","status":"publish","type":"page","link":"https:\/\/www.mwv-landingpages.de\/e-health-monitor-2022\/impressum\/","title":{"rendered":"Impressum"},"content":{"rendered":"<div id='layer_slider_1'  class='avia-layerslider main_color avia-shadow  avia-builder-el-0  el_before_av_one_full  avia-builder-el-first  container_wrap sidebar_right'  style='height: 631px; max-width: 1500px; margin: 0 auto;'  ><div id=\"layerslider_1_5bz6gvrg3juc\"  class=\"ls-wp-container fitvidsignore ls-selectable\" style=\"width:1500px;height:630px;margin:0 auto;margin-bottom: 0px;\"><div class=\"ls-slide\" data-ls=\"transition2d:1;\"><img loading=\"lazy\" decoding=\"async\" width=\"1500\" height=\"630\" src=\"https:\/\/www.mwv-landingpages.de\/e-health-monitor-2022\/wp-content\/uploads\/sites\/11\/layerslider\/projects\/Start-eHealth-Monitor\/titelbild-ehealth-monitor.jpg\" class=\"ls-bg\" alt=\"\" srcset=\"https:\/\/www.mwv-landingpages.de\/e-health-monitor-2022\/wp-content\/uploads\/sites\/11\/layerslider\/projects\/Start-eHealth-Monitor\/titelbild-ehealth-monitor.jpg 1500w, https:\/\/www.mwv-landingpages.de\/e-health-monitor-2022\/wp-content\/uploads\/sites\/11\/layerslider\/projects\/Start-eHealth-Monitor\/titelbild-ehealth-monitor-300x126.jpg 300w, https:\/\/www.mwv-landingpages.de\/e-health-monitor-2022\/wp-content\/uploads\/sites\/11\/layerslider\/projects\/Start-eHealth-Monitor\/titelbild-ehealth-monitor-1024x430.jpg 1024w, https:\/\/www.mwv-landingpages.de\/e-health-monitor-2022\/wp-content\/uploads\/sites\/11\/layerslider\/projects\/Start-eHealth-Monitor\/titelbild-ehealth-monitor-768x323.jpg 768w, https:\/\/www.mwv-landingpages.de\/e-health-monitor-2022\/wp-content\/uploads\/sites\/11\/layerslider\/projects\/Start-eHealth-Monitor\/titelbild-ehealth-monitor-705x296.jpg 705w\" sizes=\"auto, (max-width: 1500px) 100vw, 1500px\" \/><ls-layer style=\"top:80px;left:643px;text-align:right;font-weight:700;background-size:inherit;background-position:inherit;font-size:120px;color:#ffffff;letter-spacing:0px;font-family:plussanswebpro;\" class=\"ls-l ls-text-layer\" data-ls=\"offsetxin:right;durationin:600;easingin:linear;position:relative;\">E-Health<br>\nMonitor 2022<\/ls-layer><ls-layer style=\"top:368px;left:639px;text-align:right;font-weight:500;background-size:inherit;background-position:inherit;font-size:50px;font-family:plussanswebpro;line-height:1.2em;color:#10c2f3;white-space:normal;\" class=\"ls-l ls-text-layer\" data-ls=\"offsetyin:bottom;durationin:500;delayin:700;easingin:swing;position:relative;\">Deutschlands Weg in die digitale<br>Gesundheitsversorgung \u2013<br>Status quo und Perspektiven<\/ls-layer><\/div><\/div><\/div><div id='after_layer_slider_1'  class='main_color av_default_container_wrap container_wrap sidebar_right'  ><div class='container av-section-cont-open' ><div class='template-page content  av-content-small alpha units'><div class='post-entry post-entry-type-page post-entry-77'><div class='entry-content-wrapper clearfix'>\n<div  class='flex_column av-2h60h-750b6a00012a2354acf25bb82a4ee75a av_one_full  avia-builder-el-1  el_after_av_layerslider  el_before_av_one_fifth  avia-builder-el-first  first flex_column_div  '     ><section  class='av_textblock_section av-1xca1-98227c504a998ddcfa20df02687ee18b '   itemscope=\"itemscope\" itemtype=\"https:\/\/schema.org\/CreativeWork\" ><div class='avia_textblock'  itemprop=\"text\" ><h1 style=\"text-align: left;\">Impressum<\/h1>\n<\/div><\/section><\/div>\n<div  class='flex_column av-1qig1-60edad32ab8bda8e8fe19d257edea295 av_one_fifth  avia-builder-el-3  el_after_av_one_full  el_before_av_four_fifth  first flex_column_div  column-top-margin'     ><\/div>\n<div  class='flex_column av-o03p-f6438f7dbdefea21c549d397e0ae6a26 av_four_fifth  avia-builder-el-4  el_after_av_one_fifth  avia-builder-el-last  flex_column_div  column-top-margin'     ><section  class='av_textblock_section av-lai2lla6-0d45016592d4728a4ea4ca95355c7da9 '   itemscope=\"itemscope\" itemtype=\"https:\/\/schema.org\/CreativeWork\" ><div class='avia_textblock'  itemprop=\"text\" ><h4>Copyright<\/h4>\n<p>MWV Medizinisch Wissenschaftliche Verlagsgesellschaft mbH &amp; Co. KG<\/p>\n<h4>Inhaltlich verantwortlich<\/h4>\n<p>Dr. Thomas Hopfe<br \/>\nVerleger und gesch\u00e4ftsf\u00fchrender Gesellschafter<\/p>\n<p>MWV Medizinisch Wissenschaftliche Verlagsgesellschaft mbH &amp; Co. KG<br \/>\nUnterbaumstr. 4<br \/>\n10117 Berlin<\/p>\n<p>Tel. +49 (0)30 \/ 20642825<br \/>\nFax +49 (0)30 \/ 20642828<\/p>\n<p><a href=\"mailto:info@mwv-berlin.de\">info@mwv-berlin.de<\/a><br \/>\n<a href=\"http:\/\/www.mwv-berlin.de\" target=\"_blank\" rel=\"noopener\">www.mwv-berlin.de<\/a><\/p>\n<p>Amtsgericht Charlottenburg HRA\u00a0 40712 B<br \/>\nPers\u00f6nlich haftende Gesellschafterin: MWV Verwaltungs GmbH<br \/>\nAmtsgericht Berlin-Charlottenburg HRB 110638 B<br \/>\nGesch\u00e4ftsf\u00fchrer: Dr. Thomas Hopfe<\/p>\n<p>Steuer-Nr. 30\/164\/30001<br \/>\nUSt.-IdNr. DE 258123505<br \/>\nBuchh\u00e4ndlerische Verkehrsnr. 11842<\/p>\n<h4>Bildnachweis<\/h4>\n<p>Die Autorenportraits wurden von den Autoren zur Verf\u00fcgung gestellt.<br \/>\nJohanna N\u00fcsken: \u00a9Annette Koroll<br \/>\nMarkus Leyck Diecken: \u00a9Marc-Steffen Unger<br \/>\nB\u00e4rbel H\u00fcsing, Michael Friedewald, Tanja Bratan: \u00a9Franz Wamhof<br \/>\nChristiane Harders: \u00a9 Klaus Knuffmann<br \/>\nMarkus Leyck Dieken: \u00a9Jan Pauls<br \/>\nThomas P\u00f6ppe: \u00a9Lupo Cordero<br \/>\nAndreas Strausfeld: \u00a9Martin Stefen<br \/>\nSylvia Thun: \u00a9Thomas Rafalzyk<\/p>\n<h4>Konzeption und Realisierung Website<\/h4>\n<p>Anne V\u00f6lkel<br \/>\nDipl.-Designerin<br \/>\n<a href=\"https:\/\/www.avoelkel.de\/\" target=\"_blank\" rel=\"noopener\">www.avoelkel.de<\/a><\/p>\n<h4>Allgemeine Gesch\u00e4ftsbedingungen<\/h4>\n<p>Unsere AGB k\u00f6nnen <a href=\"https:\/\/www.mwv-berlin.de\/agb\/\" target=\"_blank\" rel=\"noopener\">hier<\/a> angesehen werden.<\/p>\n<h4>Hinweise<\/h4>\n<p>Alle Inhalte der Website wurden sorgf\u00e4ltig gepr\u00fcft und werden laufend aktualisiert. Eine Garantie f\u00fcr Vollst\u00e4ndigkeit, Richtigkeit und letzte Aktualit\u00e4t kann nicht \u00fcbernommen werden.<\/p>\n<p>Struktur und Inhalt der Web-Site des Verlages sind urheberrechtlich gesch\u00fctzt. Die Vervielf\u00e4ltigung von Informationen oder Daten, insbesondere die Verwendung von Texten, Textteilen oder Bildmaterial bedarf der vorherigen Zustimmung des Verlages.<\/p>\n<p>Preis- und Ausstattungs\u00e4nderungen bleiben vorbehalten. Aufgrund der unterschiedlichen Mehrwertsteuers\u00e4tze in Deutschland und \u00d6sterreich entstehen unterschiedliche Verkaufspreise bei B\u00fcchern aus Deutschland und \u00d6sterreich. Die genannten Preise verstehen sich inkl. der gesetzlichen Mehrwertsteuer.<\/p>\n<p>Wir haben keinen Einfluss auf die Inhalte verlinkter Seiten, hierf\u00fcr ist der jeweilige Dienstanbieter verantwortlich. Sollten rechtswidrige Seiten \u00fcber die Hyperlinks abrufbar sein, bitten wir um eine Mitteilung. Wir werden dies \u00fcberpr\u00fcfen und die Links dann ggf. entfernen.<\/p>\n<p>Beschwerdeverfahren via Online-Streitbeilegung f\u00fcr Verbraucher (OS): <a href=\"http:\/\/ec.europa.eu\/consumers\/odr\/\">http:\/\/ec.europa.eu\/consumers\/odr\/<\/a>.\u00a0Wir sind nicht bereit und nicht verpflichtet an einem Streitbeilegungsverfahren vor einer Verbraucherschlichtungsstelle teilzunehmen.<\/p>\n<\/div><\/section><\/div>\n","protected":false},"excerpt":{"rendered":"","protected":false},"author":3,"featured_media":0,"parent":0,"menu_order":0,"comment_status":"closed","ping_status":"closed","template":"","meta":{"inline_featured_image":false,"footnotes":""},"class_list":["post-77","page","type-page","status-publish","hentry"],"aioseo_notices":[],"_links":{"self":[{"href":"https:\/\/www.mwv-landingpages.de\/e-health-monitor-2022\/wp-json\/wp\/v2\/pages\/77","targetHints":{"allow":["GET"]}}],"collection":[{"href":"https:\/\/www.mwv-landingpages.de\/e-health-monitor-2022\/wp-json\/wp\/v2\/pages"}],"about":[{"href":"https:\/\/www.mwv-landingpages.de\/e-health-monitor-2022\/wp-json\/wp\/v2\/types\/page"}],"author":[{"embeddable":true,"href":"https:\/\/www.mwv-landingpages.de\/e-health-monitor-2022\/wp-json\/wp\/v2\/users\/3"}],"replies":[{"embeddable":true,"href":"https:\/\/www.mwv-landingpages.de\/e-health-monitor-2022\/wp-json\/wp\/v2\/comments?post=77"}],"version-history":[{"count":4,"href":"https:\/\/www.mwv-landingpages.de\/e-health-monitor-2022\/wp-json\/wp\/v2\/pages\/77\/revisions"}],"predecessor-version":[{"id":535,"href":"https:\/\/www.mwv-landingpages.de\/e-health-monitor-2022\/wp-json\/wp\/v2\/pages\/77\/revisions\/535"}],"wp:attachment":[{"href":"https:\/\/www.mwv-landingpages.de\/e-health-monitor-2022\/wp-json\/wp\/v2\/media?parent=77"}],"curies":[{"name":"wp","href":"https:\/\/api.w.org\/{rel}","templated":true}]}}